6
-3
Convert 11 (base 4) to base 9.
5
50 (base 13) to base 9
72
Convert -aa (base 13) to base 9.
-165
1a (base 15) to base 7
34
What is -1c (base 15) in base 11?
-25
Convert 2b (base 14) to base 12.
33
5 (base 7) to base 10
5
Convert 3 (base 5) to base 6.
3
4 (base 5) to base 7
4
-6 (base 7) to base 13
-6
What is 1d (base 15) in base 10?
28
Convert -1 (base 12) to base 3.
-1
57 (base 14) to base 11
70
Convert -7 (base 9) to base 3.
-21
Convert 31 (base 15) to base 11.
42
What is -24 (base 16) in base 4?
-210
-5 (base 11) to base 8
-5
Convert 12 (base 11) to base 16.
d
Convert 22 (base 4) to base 12.
a
What is 22 (base 3) in base 16?
8
-52 (base 15) to base 5
-302
Convert 3 (base 15) to base 2.
11
Convert -9c (base 15) to base 6.
-403
Convert -10 (base 11) to base 8.
-13
148 (base 9) to base 3
11122
Convert -1 (base 15) to base 3.
-1
What is 24 (base 7) in base 12?
16
-154 (base 16) to base 9
-417
What is 18 (base 16) in base 11?
22
20 (base 4) to base 9
8
-3 (base 9) to base 16
-3
What is 1 (base 7) in base 16?
1
What is 100 (base 2) in base 12?
4
-1010 (base 2) to base 12
-a
What is -3323 (base 4) in base 12?
-18b
Convert 2a (base 13) to base 2.
100100
Convert 152 (base 10) to base 4.
2120
-124 (base 11) to base 7
-300
What is -3 (base 5) in base 10?
-3
What is -4 (base 16) in base 12?
-4
What is -4 (base 12) in base 16?
-4
-4 (base 11) to base 7
-4
What is -41 (base 11) in base 15?
-30
-5 (base 14) to base 10
-5
Convert -2112 (base 4) to base 3.
-12120
Convert -1 (base 14) to base 9.
-1
What is 4 (base 12) in base 16?
4
Convert 200 (base 13) to base 3.
110112
What is 4 (base 8) in base 10?
4
What is 3 (base 5) in base 13?
3
What is -33 (base 4) in base 5?
-30
34 (base 8) to base 7
40
Convert 61 (base 10) to base 2.
111101
122 (base 3) to base 12
15
Convert -37 (base 8) to base 16.
-1f
What is 10 (base 7) in base 9?
7
1a (base 15) to base 11
23
47 (base 9) to base 4
223
-223 (base 7) to base 16
-73
What is -2 (base 14) in base 15?
-2
Convert c (base 15) to base 6.
20
-29 (base 16) to base 7
-56
5 (base 8) to base 16
5
What is 20 (base 9) in base 14?
14
Convert -1 (base 7) to base 12.
-1
What is -1202 (base 3) in base 7?
-65
-40 (base 5) to base 9
-22
What is -2102 (base 3) in base 2?
-1000001
What is 3 (base 16) in base 13?
3
Convert -423 (base 7) to base 15.
-e3
Convert 1 (base 6) to base 11.
1
10 (base 6) to base 5
11
What is -1 (base 15) in base 5?
-1
-1 (base 12) to base 5
-1
What is 28 (base 9) in base 14?
1c
What is -26 (base 10) in base 6?
-42
Convert 10 (base 12) to base 16.
c
What is 2 (base 11) in base 9?
2
Convert -78 (base 10) to base 8.
-116
10 (base 7) to base 9
7
What is -a (base 14) in base 7?
-13
What is -4 (base 14) in base 6?
-4
What is 3 (base 11) in base 8?
3
What is -7 (base 13) in base 16?
-7
23 (base 5) to base 7
16
Convert -2 (base 5) to base 2.
-10
What is e (base 16) in base 14?
10
174 (base 10) to base 8
256
1 (base 7) to base 10
1
What is 6 (base 7) in base 2?
110
Convert -1221 (base 3) to base 6.
-124
What is -1001 (base 2) in base 12?
-9
What is 1110 (base 2) in base 11?
13
-12 (base 5) to base 8
-7
-12 (base 5) to base 8
-7
What is 11031 (base 4) in base 16?
14d
Convert -1 (base 14) to base 3.
-1
What is 302 (base 5) in base 12?
65
0 (base 10) to base 2
0
What is 10 (base 2) in base 9?
2
Convert -36 (base 15) to base 11.
-47
0 (base 7) to base 11
0
Convert 1 (base 11) to base 3.
1
What is 0 (base 2) in base 16?
0
104 (base 5) to base 9
32
What is 9 (base 16) in base 3?
100
-2 (base 11) to base 6
-2
What is -1 (base 4) in base 7?
-1
2 (base 3) to base 8
2
Convert c (base 13) to base 6.
20
-3 (base 13) to base 4
-3
What is b (base 15) in base 12?
b
Convert 19 (base 14) to base 11.
21
What is 0 (base 3) in base 4?
0
What is -15 (base 16) in base 6?
-33
-24 (base 12) to base 15
-1d
What is -25 (base 12) in base 10?
-29
Convert -143 (base 12) to base 11.
-168
What is -73 (base 10) in base 11?
-67
-45 (base 16) to base 15
-49
11 (base 9) to base 13
a
Convert -25 (base 8) to base 12.
-19
22 (base 9) to base 16
14
Convert -22 (base 8) to base 4.
-102
What is -22002 (base 3) in base 7?
-431
Convert 7 (base 14) to base 12.
7
-11 (base 3) to base 11
-4
What is -1 (base 14) in base 16?
-1
-1 (base 16) to base 2
-1
What is 5 (base 9) in base 5?
10
-11 (base 3) to base 13
-4
-100 (base 3) to base 9
-10
Convert -1 (base 5) to base 7.
-1
-10011 (base 2) to base 7
-25
-226 (base 9) to base 6
-510
10021 (base 3) to base 7
154
1 (base 3) to base 5
1
What is -5 (base 13) in base 10?
-5
Convert -20 (base 7) to base 3.
-112
Convert 55 (base 16) to base 15.
5a
What is b2 (base 16) in base 13?
109
Convert 30 (base 4) to base 12.
10
What is -12 (base 9) in base 3?
-102
Convert 1030 (base 5) to base 16.
8c
What is 8 (base 10) in base 5?
13
What is 35 (base 8) in base 9?
32
-5 (base 6) to base 4
-11
Convert -70 (base 13) to base 8.
-133
21 (base 5) to base 11
10
-6 (base 8) to base 6
-10
What is -186 (base 9) in base 13?
-c3
Convert -29 (base 13) to base 4.
-203
Convert 10001001 (base 2) to base 8.
211
Convert -11010 (base 2) to base 11.
-24
-313 (base 4) to base 6
-131
122 (base 7) to base 14
49
133 (base 12) to base 5
1213
-37 (base 16) to base 6
-131
What is -2a (base 12) in base 15?
-24
2d (base 16) to base 13
36
-2 (base 8) to base 15
-2
Convert -104 (base 7) to base 15.
-38
What is 46 (base 12) in base 14?
3c
4 (base 15) to base 6
4
-11 (base 9) to base 13
-a
Convert 110100 (base 2) to base 10.
52
1 (base 12) to base 11
1
Convert -10 (base 2) to base 8.
-2
Convert -10101 (base 2) to base 8.
-25
Convert 211 (base 4) to base 13.
2b
What is 1022 (base 4) in base 13?
59
24 (base 9) to base 10
22
2 (base 15) to base 7
2
What is 1 (base 3) in base 15?
1
Convert -75 (base 10) to base 4.
-1023
5 (base 15) to base 12
5
What is 101 (base 3) in base 8?
12
Convert -13 (base 9) to base 15.
-c
Convert 2 (base 11) to base 16.
2
422 (base 6) to base 15
a8
What is 11 (base 10) in base 7?
14
0 (base 5) to base 15
0
Convert 2 (base 7) to base 10.
2
-10221 (base 3) to base 5
-411
What is -9 (base 11) in base 10?
-9
What is -101 (base 2) in base 14?
-5
4 (base 13) to base 7
4
Convert 100 (base 3) to base 14.
9
Convert -13 (base 4) to base 12.
-7
Convert 42 (base 7) to base 11.
28
7 (base 15) to base 9
7
What is -10 (base 4) in base 10?
-4
24 (base 9) to base 11
20
4 (base 15) to base 2
100
What is -14 (base 10) in base 11?
-13
Convert 1001 (base 2) to base 10.
9
0 (base 9) to base 6
0
13 (base 4) to base 10
7
What is -5 (base 9) in base 15?
-5
-85 (base 16) to base 5
-1013
Convert b (base 13) to base 7.
14
What is 10 (base 2) in base 11?
2
-20 (base 4) to base 15
-8
Convert -7 (base 15) to base 9.
-7
What is 16 (base 12) in base 10?
18
-a6 (base 12) to base 8
-176
-110 (base 5) to base 12
-26
-101 (base 3) to base 11
-a
-35 (base 9) to base 7
-44
What is -d (base 14) in base 8?
-15
2 (base 16) to base 10
2
Convert 30 (base 9) to base 10.
27
121 (base 5) to base 3
1100
Convert 0 (base 14) to base 6.
0
4 (base 13) to base 15
4
Convert 8 (base 10) to base 11.
8
Convert 121 (base 3) to base 5.
31
Convert -3 (base 5) to base 12.
-3
101 (base 2) to base 8
5
Convert 7 (base 10) to base 14.
7
Convert 30 (base 10) to base 6.
50
What is 0 (base 7) in base 2?
0
What is -3 (base 12) in base 9?
-3
-2 (base 3) to base 5
-2
140 (base 13) to base 15
eb
Convert -12212 (base 3) to base 5.
-1113
What is 2 (base 16) in base 8?
2
What is -17 (base 8) in base 7?
-21
What is 2 (base 11) in base 13?
2
What is -20 (base 3) in base 4?
-12
Convert 22 (base 4) to base 16.
a
Convert -151 (base 13) to base 9.
-281
Convert 33 (base 9) to base 15.
20
-115 (base 6) to base 12
-3b
-2 (base 4) to base 9
-2
What is 0 (base 7) in base 14?
0
What is 67 (base 13) in base 6?
221
What is -11111001 (base 2) in base 4?
-3321
What is 3 (base 6) in base 2?
11
-32 (base 6) to base 14
-16
-3 (base 7) to base 14
-3
-2 (base 14) to base 4
-2
Convert -5 (base 7) to base 12.
-5
Convert 1010 (base 2) to base 3.
101
What is 1 (base 8) in base 7?
1
-108 (base 15) to base 12
-175
-12 (base 4) to base 9
-6
-12 (base 5) to base 12
-7
What is -1101 (base 3) in base 9?
-41
What is -4 (base 16) in base 12?
-4
-7 (base 13) to base 4
-13
1 (base 13) to base 10
1
What is 59 (base 13) in base 8?
112
What is -3